 (base 11) to base 2.
10011110001101111100
Convert 1000010111001000111111010 (base 2) to base 15.
1815a72
Convert 302321211 (base 4) to base 9.
346880
What is 36b3e (base 16) in base 15?
465c7
Convert -12311470 (base 8) to base 6.
-134222104
What is -101111101001101111 (base 2) in base 6?
-4103343
2717c (base 13) to base 3
10200211022
-100033213301 (base 4) to base 13
-b612c9
754de (base 15) to base 7
3110411
448331 (base 14) to base 7
25532561
What is -1655caa (base 14) in base 3?
-202122001212001
Convert -1001020010011 (base 3) to base 7.
-4502530
Convert -11110111100101001 (base 2) to base 10.
-126761
Convert 252411414 (base 6) to base 12.
1776b6a
Convert 612991 (base 10) to base 5.
124103431
-2122320 (base 6) to base 11
-71347
21401424 (base 7) to base 9
3402663
-10001110010001110001 (base 2) to base 7
-4645015
3412320 (base 8) to base 6
31440212
What is 12052545 (base 7) in base 15?
162890
Convert 97914b (base 15) to base 11.
4091070
What is 123202110 (base 4) in base 15?
23643
What is 6515314 (base 7) in base 14?
16960b
Convert 10002222201002 (base 3) to base 5.
410400113
Convert 112a50 (base 16) to base 15.
1734b4
Convert -25422402 (base 6) to base 15.
-11526b
What is -58ded (base 16) in base 13?
-c98c0
What is 1111000001000010000011 (base 2) in base 10?
3936387
Convert -128587 (base 10) to base 11.
-88678
What is -2588 (base 15) in base 6?
-101015
What is -114445 (base 9) in base 6?
-1250535
What is b953b (base 14) in base 7?
3545004
What is 1122112112120 (base 3) in base 12?
3633a3
Convert 211231103 (base 4) to base 14.
40403
Convert 2305343 (base 6) to base 3.
12222200000
94a9 (base 14) to base 5
1310004
Convert -1110100101110101011111 (base 2) to base 14.
-717d39
-4871141 (base 10) to base 5
-2221334031
What is 90175 (base 10) in base 4?
112000333
131635244 (base 7) to base 6
501220225
Convert -10001111111011011010011 (base 2) to base 16.
-47f6d3
Convert -10110001000010001011110 (base 2) to base 7.
-100210460
What is -10171 (base 8) in base 2?
-1000001111001
19a342a (base 11) to base 13
910a3c
What is -697084 (base 11) in base 6?
-35423124
Convert -19432 (base 13) to base 14.
-13c39
11222404 (base 8) to base 11
1412a28
Convert 24321403 (base 5) to base 7.
1644253
What is -11c58 (base 14) in base 6?
-533450
-204276a (base 14) to base 13
-31cb645
Convert 587413 (base 12) to base 14.
2906bd
Convert 252313 (base 7) to base 9.
70654
Convert 1002102002100112 (base 3) to base 14.
210c0db
Convert -2412124 (base 5) to base 16.
-ae78
-369814 (base 14) to base 6
-104030322
What is -128ac95 (base 14) in base 6?
-515400055
Convert -944a86 (base 12) to base 9.
-4342333
Convert -310203113 (base 4) to base 15.
-43ba5
What is -1b1373 (base 13) in base 8?
-2500206
What is 1110220020010 (base 3) in base 12?
31a556
What is -10aa24 (base 14) in base 12?
-234334
Convert -23939 (base 12) to base 3.
-2102211200
Convert 363757 (base 8) to base 3.
20100100100
What is 11101200102101 (base 3) in base 7?
25566364
What is -101111000110010011000111 (base 2) in base 4?
-233012103013
What is -1bec2 (base 16) in base 12?
-5622a
Convert -1346317 (base 9) to base 2.
-10110100100010001001
What is -110141301 (base 5) in base 2?
-1110011110111010000
Convert -112323323 (base 4) to base 6.
-2002535
2401363 (base 7) to base 6
10255021
Convert 1869086 (base 13) to base 14.
10bd322
-32243213 (base 5) to base 10
-274808
12766 (base 10) to base 2
11000111011110
Convert 7564911 (base 10) to base 14.
100cc6b
640553 (base 7) to base 15
22c1e
Convert 140311312 (base 5) to base 13.
1bc8b9
What is -123230021 (base 4) in base 13?
-3c815
-3833e8 (base 16) to base 7
-43210332
Convert 2e12b (base 15) to base 12.
72112
Convert 3221040 (base 5) to base 2.
1101010011111000
-272027 (base 8) to base 11
-65626
What is -12c437c (base 14) in base 16?
-8a845a
What is 2520743 (base 10) in base 7?
30266051
What is 10010001001010111 (base 2) in base 4?
102021113
-474672 (base 10) to base 8
-1637060
Convert -2175d (base 15) to base 6.
-2140024
What is -75082b (base 12) in base 13?
-4c8722
Convert 211121200011002 (base 3) to base 5.
11034113422
What is -1b5c5d (base 16) in base 14?
-34967b
Convert -484871 (base 11) to base 13.
-20b580
What is 1011111120211 (base 3) in base 10?
620077
Convert 13a59 (base 13) to base 6.
442524
Convert 606520 (base 7) to base 6.
2113331
What is -12030020 (base 6) in base 4?
-1130010330
Convert 4400123024 (base 5) to base 15.
c542c9
-3b31a (base 12) to base 5
-10103140
What is 45641356 (base 7) in base 11?
2288329
-112807 (base 10) to base 3
-12201202001
What is -2400b (base 13) in base 2?
-10000000110000001
-87b456 (base 12) to base 9
-4044653
What is 167162 (base 8) in base 6?
1150334
What is 18233 (base 10) in base 12?
a675
Convert -10003113 (base 5) to base 4.
-103023011
Convert 424421 (base 5) to base 13.
66c9
What is 1b97a (base 14) in base 6?
1302132
75362 (base 10) to base 13
283c1
Convert -101111100001101011 (base 2) to base 14.
-50d2b
-1216660 (base 7) to base 9
-257057
What is -1c56a9 (base 15) in base 9?
-2541186
Convert 3304530 (base 7) to base 15.
80006
What is 114451 (base 8) in base 15?
b93e
Convert 76771 (base 10) to base 13.
28c36
Convert -11110100100111100010 (base 2) to base 16.
-f49e2
-10100011010100101110 (base 2) to base 15
-d3334
-12041444 (base 6) to base 11
-239682
Convert -67162 (base 10) to base 12.
-32a4a
21300010023 (base 4) to base 13
6b6637
-120002121202 (base 3) to base 8
-1104303
401004402 (base 5) to base 4
12001123213
Convert 1a07d (base 16) to base 5.
11402441
What is 200051 (base 7) in base 12?
17582
6951a4 (base 11) to base 14
20a981
What is 10f65d (base 16) in base 12?
457391
Convert -102512435 (base 6) to base 10.
-1813703
Convert -17389b (base 16) to base 4.
-11303202123
1194d57 (base 15) to base 8
60114464
Convert 186607 (base 12) to base 13.
11bb61
What is -10524300 (base 8) in base 15?
-2ed034
What is 41341403 (base 6) in base 12?
497863
Convert 1021233222 (base 4) to base 13.
a7643
-102001202112 (base 3) to base 7
-1564655
Convert 2376cdd (base 14) to base 7.
264106266
What is 3054444 (base 6) in base 8?
440034
What is 44281 (base 15) in base 16?
34dfb
101010111011010111001000 (base 2) to base 12
3928320
Convert -10dc6 (base 15) to base 10.
-53736
924403 (base 10) to base 13
2649ac
222064 (base 15) to base 16
18d2dc
Convert -944424 (base 11) to base 7.
-15603402
-1000001011100011 (base 2) to base 10
-33507
Convert 114033233 (base 5) to base 11.
334972
2010711 (base 8) to base 5
113410331
-2a453b (base 14) to base 6
-51313545
Convert 3032014 (base 6) to base 10.
144298
Convert -2458a (base 15) to base 4.
-130110211
What is 1a9889 (base 12) in base 2?
1110011011110101001
What is -2e349 (base 15) in base 5?
-14233434
What is 2655654 (base 7) in base 9?
583333
What is -1300223313 (base 4) in base 10?
-461559
Convert -241b447 (base 13) to base 8.
-52543675
-333320 (base 7) to base 3
-2222200022
What is -10010233231 (base 4) in base 10?
-1068013
-10204010 (base 7) to base 9
-1547618
What is 1302210130 (base 4) in base 3?
212211201121
2736504 (base 8) to base 13
20c248
331321112 (base 4) to base 9
425685
210935 (base 10) to base 5
23222220
What is 7e210 (base 15) in base 8?
1421252
-3746330 (base 8) to base 6
-34105520
Convert -27416602 (base 8) to base 2.
-10111100001110110000010
120131303 (base 4) to base 11
69321
Convert -229145b (base 13) to base 7.
-156401434
What is -1233011011 (base 4) in base 2?
-1101111000101000101
87961 (base 12) to base 13
63835
Convert 21134253 (base 8) to base 7.
53165250
What is 140040412 (base 5) in base 8?
2542304
-3424110010 (base 5) to base 13
-1778603
What is 1295b (base 16) in base 15?
1784d
-1413535 (base 6) to base 13
-2a4a9
Convert -33799 (base 13) to base 4.
-112312033
-1100111010001011 (base 2) to base 4
-30322023
Convert -50100202 (base 6) to base 4.
-11113220222
What is -300070 (base 11) in base 9?
-815772
What is 711637 (base 8) in base 9?
386473
What is -2bdc24 (base 14) in base 6?
-52532224
Convert 3883253 (base 9) to base 15.
2bd950
What is -73b3 (base 14) in base 9?
-30330
Convert -125039 (base 11) to base 5.
-22301110
2430010102 (base 5) to base 13
1249221
122202033010 (base 4) to base 9
14071717
Convert 2a825a (base 11) to base 3.
220100201001
What is 304325 (base 6) in base 4?
